{"id":3783,"date":"2026-04-30T11:57:38","date_gmt":"2026-04-30T09:57:38","guid":{"rendered":"https:\/\/www.villaggiolab.it\/cennamo\/?page_id=3783"},"modified":"2026-05-04T11:11:23","modified_gmt":"2026-05-04T09:11:23","slug":"linea-pluto-e-starcat","status":"publish","type":"page","link":"https:\/\/www.villaggiolab.it\/cennamo\/linee\/linea-pluto-e-starcat\/","title":{"rendered":"Linea &#8211; Pluto e StarCat"},"content":{"rendered":"\t\t<div data-elementor-type=\"wp-page\" data-elementor-id=\"3783\" class=\"elementor elementor-3783\" data-elementor-settings=\"{&quot;ha_cmc_init_switcher&quot;:&quot;no&quot;}\" data-elementor-post-type=\"page\">\n\t\t\t\t<div class=\"elementor-element elementor-element-14020d8 e-con-full e-flex e-con e-parent\" data-id=\"14020d8\" data-element_type=\"container\" data-e-type=\"container\" data-settings=\"{&quot;_ha_eqh_enable&quot;:false}\">\n\t\t\t\t<div class=\"elementor-element elementor-element-11adc1a elementor-widget elementor-widget-image\" data-id=\"11adc1a\" data-element_type=\"widget\" data-e-type=\"widget\" data-widget_type=\"image.default\">\n\t\t\t\t<div class=\"elementor-widget-container\">\n\t\t\t\t\t\t\t\t\t\t\t\t\t\t\t<img fetchpriority=\"high\" decoding=\"async\" width=\"1800\" height=\"600\" src=\"https:\/\/www.villaggiolab.it\/cennamo\/wp-content\/uploads\/2026\/04\/cennamo-pluto-banner-desktop.webp\" class=\"attachment-full size-full wp-image-3786\" alt=\"\" srcset=\"https:\/\/www.villaggiolab.it\/cennamo\/wp-content\/uploads\/2026\/04\/cennamo-pluto-banner-desktop.webp 1800w, https:\/\/www.villaggiolab.it\/cennamo\/wp-content\/uploads\/2026\/04\/cennamo-pluto-banner-desktop-300x100.webp 300w, https:\/\/www.villaggiolab.it\/cennamo\/wp-content\/uploads\/2026\/04\/cennamo-pluto-banner-desktop-1024x341.webp 1024w, https:\/\/www.villaggiolab.it\/cennamo\/wp-content\/uploads\/2026\/04\/cennamo-pluto-banner-desktop-768x256.webp 768w, https:\/\/www.villaggiolab.it\/cennamo\/wp-content\/uploads\/2026\/04\/cennamo-pluto-banner-desktop-1536x512.webp 1536w, https:\/\/www.villaggiolab.it\/cennamo\/wp-content\/uploads\/2026\/04\/cennamo-pluto-banner-desktop-600x200.webp 600w\" sizes=\"(max-width: 1800px) 100vw, 1800px\" \/>\t\t\t\t\t\t\t\t\t\t\t\t\t\t\t<\/div>\n\t\t\t\t<\/div>\n\t\t\t\t<\/div>\n\t\t<div class=\"elementor-element elementor-element-be2ff96 e-flex e-con-boxed e-con e-parent\" data-id=\"be2ff96\" data-element_type=\"container\" data-e-type=\"container\" data-settings=\"{&quot;_ha_eqh_enable&quot;:false}\">\n\t\t\t\t\t<div class=\"e-con-inner\">\n\t\t<div class=\"elementor-element elementor-element-580ae04 e-con-full e-flex e-con e-child\" data-id=\"580ae04\" data-element_type=\"container\" data-e-type=\"container\" data-settings=\"{&quot;background_background&quot;:&quot;classic&quot;,&quot;_ha_eqh_enable&quot;:false}\">\n\t\t\t\t<div class=\"elementor-element elementor-element-4768a1b elementor-widget elementor-widget-image\" data-id=\"4768a1b\" data-element_type=\"widget\" data-e-type=\"widget\" data-widget_type=\"image.default\">\n\t\t\t\t<div class=\"elementor-widget-container\">\n\t\t\t\t\t\t\t\t\t\t\t\t\t\t\t<img decoding=\"async\" width=\"187\" height=\"75\" src=\"https:\/\/www.villaggiolab.it\/cennamo\/wp-content\/uploads\/2026\/04\/cennamo-pluto-starcat-logo-1.webp\" class=\"attachment-full size-full wp-image-3789\" alt=\"\" \/>\t\t\t\t\t\t\t\t\t\t\t\t\t\t\t<\/div>\n\t\t\t\t<\/div>\n\t\t\t\t<div class=\"elementor-element elementor-element-e87f450 elementor-widget elementor-widget-text-editor\" data-id=\"e87f450\" data-element_type=\"widget\" data-e-type=\"widget\" data-widget_type=\"text-editor.default\">\n\t\t\t\t<div class=\"elementor-widget-container\">\n\t\t\t\t\t\t\t\t\tI Prodotti Pluto Dog sono alimenti per cani adulti formulati in base alle attivit\u00e0 svolte dai vostri cani per garantire un nutrimento completo, gustoso e salutare. La tecnologia con la quale vengono prodotti dona al prodotto una particolare appetibilit\u00e0 e digeribilit\u00e0. Pluto Dog \u00e8 senza organismi geneticamente modificati, senza coloranti e con materie prime di cui si conosce l\u2019origine e la provenienza.\t\t\t\t\t\t\t\t<\/div>\n\t\t\t\t<\/div>\n\t\t\t\t<div class=\"elementor-element elementor-element-480ff4b elementor-widget elementor-widget-button\" data-id=\"480ff4b\" data-element_type=\"widget\" data-e-type=\"widget\" data-widget_type=\"button.default\">\n\t\t\t\t<div class=\"elementor-widget-container\">\n\t\t\t\t\t\t\t\t\t<div class=\"elementor-button-wrapper\">\n\t\t\t\t\t<a class=\"elementor-button elementor-button-link elementor-size-sm\" href=\"https:\/\/www.villaggiolab.it\/cennamo\/prodotti\/prodotti-pluto-e-starcat\/\">\n\t\t\t\t\t\t<span class=\"elementor-button-content-wrapper\">\n\t\t\t\t\t\t<span class=\"elementor-button-icon\">\n\t\t\t\t<i aria-hidden=\"true\" class=\"fas fa-arrow-right\"><\/i>\t\t\t<\/span>\n\t\t\t\t\t\t\t\t\t<span class=\"elementor-button-text\">Visualizza i prodotti<\/span>\n\t\t\t\t\t<\/span>\n\t\t\t\t\t<\/a>\n\t\t\t\t<\/div>\n\t\t\t\t\t\t\t\t<\/div>\n\t\t\t\t<\/div>\n\t\t\t\t<\/div>\n\t\t<div class=\"elementor-element elementor-element-a9ce582 e-con-full e-flex e-con e-child\" data-id=\"a9ce582\" data-element_type=\"container\" data-e-type=\"container\" data-settings=\"{&quot;_ha_eqh_enable&quot;:false}\">\n\t\t\t\t<div class=\"elementor-element elementor-element-d19ed40 elementor-widget elementor-widget-image\" data-id=\"d19ed40\" data-element_type=\"widget\" data-e-type=\"widget\" data-widget_type=\"image.default\">\n\t\t\t\t<div class=\"elementor-widget-container\">\n\t\t\t\t\t\t\t\t\t\t\t\t\t\t\t<img decoding=\"async\" width=\"700\" height=\"457\" src=\"https:\/\/www.villaggiolab.it\/cennamo\/wp-content\/uploads\/2026\/04\/cennamo-pluto-starcat-packshot.webp\" class=\"attachment-full size-full wp-image-3787\" alt=\"\" srcset=\"https:\/\/www.villaggiolab.it\/cennamo\/wp-content\/uploads\/2026\/04\/cennamo-pluto-starcat-packshot.webp 700w, https:\/\/www.villaggiolab.it\/cennamo\/wp-content\/uploads\/2026\/04\/cennamo-pluto-starcat-packshot-300x196.webp 300w, https:\/\/www.villaggiolab.it\/cennamo\/wp-content\/uploads\/2026\/04\/cennamo-pluto-starcat-packshot-600x392.webp 600w\" sizes=\"(max-width: 700px) 100vw, 700px\" \/>\t\t\t\t\t\t\t\t\t\t\t\t\t\t\t<\/div>\n\t\t\t\t<\/div>\n\t\t\t\t<\/div>\n\t\t\t\t\t<\/div>\n\t\t\t\t<\/div>\n\t\t\t\t<\/div>\n\t\t","protected":false},"excerpt":{"rendered":"<p>I Prodotti Pluto Dog sono alimenti per cani adulti formulati in base alle attivit\u00e0 svolte dai vostri cani per garantire un nutrimento completo, gustoso e salutare. La tecnologia con la quale vengono prodotti dona al prodotto una particolare appetibilit\u00e0 e digeribilit\u00e0. Pluto Dog \u00e8 senza organismi geneticamente modificati, senza coloranti e con materie prime di [&hellip;]<\/p>\n","protected":false},"author":2,"featured_media":0,"parent":3117,"menu_order":2,"comment_status":"closed","ping_status":"closed","template":"elementor_header_footer","meta":{"footnotes":""},"class_list":["post-3783","page","type-page","status-publish","hentry"],"_links":{"self":[{"href":"https:\/\/www.villaggiolab.it\/cennamo\/wp-json\/wp\/v2\/pages\/3783","targetHints":{"allow":["GET"]}}],"collection":[{"href":"https:\/\/www.villaggiolab.it\/cennamo\/wp-json\/wp\/v2\/pages"}],"about":[{"href":"https:\/\/www.villaggiolab.it\/cennamo\/wp-json\/wp\/v2\/types\/page"}],"author":[{"embeddable":true,"href":"https:\/\/www.villaggiolab.it\/cennamo\/wp-json\/wp\/v2\/users\/2"}],"replies":[{"embeddable":true,"href":"https:\/\/www.villaggiolab.it\/cennamo\/wp-json\/wp\/v2\/comments?post=3783"}],"version-history":[{"count":10,"href":"https:\/\/www.villaggiolab.it\/cennamo\/wp-json\/wp\/v2\/pages\/3783\/revisions"}],"predecessor-version":[{"id":3879,"href":"https:\/\/www.villaggiolab.it\/cennamo\/wp-json\/wp\/v2\/pages\/3783\/revisions\/3879"}],"up":[{"embeddable":true,"href":"https:\/\/www.villaggiolab.it\/cennamo\/wp-json\/wp\/v2\/pages\/3117"}],"wp:attachment":[{"href":"https:\/\/www.villaggiolab.it\/cennamo\/wp-json\/wp\/v2\/media?parent=3783"}],"curies":[{"name":"wp","href":"https:\/\/api.w.org\/{rel}","templated":true}]}}